{"id":72,"date":"2012-02-23T01:19:19","date_gmt":"2012-02-23T00:19:19","guid":{"rendered":"http:\/\/hdir-2.hdir.hr\/?page_id=72"},"modified":"2012-10-22T10:48:15","modified_gmt":"2012-10-22T09:48:15","slug":"sponsors","status":"publish","type":"page","link":"https:\/\/hdir-2.hdir.hr\/?page_id=72","title":{"rendered":"Sponsors"},"content":{"rendered":"<h3><span style=\"color: #000000;\">HDIR wishes to thank our sponsors:<\/span><\/h3>\n<div id=\"attachment_254\" style=\"width: 224px\" class=\"wp-caption aligncenter\"><a title=\"Ru\u0111er Bo\u0161kovi\u0107 Institute\" href=\"http:\/\/www.irb.hr\/eng\" target=\"_blank\"><img loading=\"lazy\" decoding=\"async\" aria-describedby=\"caption-attachment-254\" class=\" wp-image-254  \" title=\"IRB\" src=\"http:\/\/hdir-2.hdir.hr\/wp-content\/uploads\/2012\/07\/IRB-logo.jpg\" alt=\"Ru\u0111er Bo\u0161kovi\u0107 Institute\" width=\"214\" height=\"149\" srcset=\"https:\/\/hdir-2.hdir.hr\/wp-content\/uploads\/2012\/07\/IRB-logo.jpg 356w, https:\/\/hdir-2.hdir.hr\/wp-content\/uploads\/2012\/07\/IRB-logo-300x208.jpg 300w\" sizes=\"auto, (max-width: 214px) 100vw, 214px\" \/><\/a><p id=\"caption-attachment-254\" class=\"wp-caption-text\">Ru\u0111er Bo\u0161kovi\u0107 Institute<\/p><\/div>\n<div id=\"attachment_251\" style=\"width: 225px\" class=\"wp-caption aligncenter\"><a href=\"http:\/\/public.mzos.hr\/Default.aspx\" target=\"_blank\"><img loading=\"lazy\" decoding=\"async\" aria-describedby=\"caption-attachment-251\" class=\" wp-image-251    \" title=\"MZOS\" src=\"http:\/\/hdir-2.hdir.hr\/wp-content\/uploads\/2012\/07\/mzos.jpg\" alt=\"Ministarstvo znanosti, obrazovanja i sporta Republike Hrvatska\" width=\"215\" height=\"110\" \/><\/a><p id=\"caption-attachment-251\" class=\"wp-caption-text\">Ministry of Science, Education and Sport of The Republic of Croatia<\/p><\/div>\n<div id=\"attachment_219\" style=\"width: 182px\" class=\"wp-caption aligncenter\"><a href=\"http:\/\/www.zagreb.hr\/\"><img loading=\"lazy\" decoding=\"async\" aria-describedby=\"caption-attachment-219\" class=\"size-full wp-image-219\" title=\"Zagreb\" src=\"http:\/\/hdir-2.hdir.hr\/wp-content\/uploads\/2012\/04\/Zagreb.jpg\" alt=\"\" width=\"172\" height=\"211\" \/><\/a><p id=\"caption-attachment-219\" class=\"wp-caption-text\">City of Zagreb<\/p><\/div>\n<div id=\"attachment_286\" style=\"width: 177px\" class=\"wp-caption aligncenter\"><a href=\"http:\/\/info.hazu.hr\/\" target=\"_blank\"><img loading=\"lazy\" decoding=\"async\" aria-describedby=\"caption-attachment-286\" class=\" wp-image-286   \" title=\"Croatian Academy of Sciences and Arts\" src=\"http:\/\/hdir-2.hdir.hr\/wp-content\/uploads\/2012\/10\/HAZU.jpg\" alt=\"HAZU\" width=\"167\" height=\"167\" srcset=\"https:\/\/hdir-2.hdir.hr\/wp-content\/uploads\/2012\/10\/HAZU.jpg 295w, https:\/\/hdir-2.hdir.hr\/wp-content\/uploads\/2012\/10\/HAZU-150x150.jpg 150w\" sizes=\"auto, (max-width: 167px) 100vw, 167px\" \/><\/a><p id=\"caption-attachment-286\" class=\"wp-caption-text\">Croatian Academy of Sciences and Arts<\/p><\/div>\n<div id=\"attachment_180\" style=\"width: 256px\" class=\"wp-caption aligncenter\"><a href=\"http:\/\/www.skalpeli.hr\/\"><img loading=\"lazy\" decoding=\"async\" aria-describedby=\"caption-attachment-180\" class=\"size-full wp-image-180\" title=\"Diagnostica skalpeli\" src=\"http:\/\/hdir-2.hdir.hr\/wp-content\/uploads\/2012\/02\/D.skalpeli.jpg\" alt=\"\" width=\"246\" height=\"125\" \/><\/a><p id=\"caption-attachment-180\" class=\"wp-caption-text\">Diagnostica skalpeli<\/p><\/div>\n<div style=\"width: 276px\" class=\"wp-caption aligncenter\"><a href=\"http:\/\/www.biosistemi.hr\/\"><img loading=\"lazy\" decoding=\"async\" class=\"size-full wp-image-223 \" title=\"biosistemi\" src=\"http:\/\/hdir-2.hdir.hr\/wp-content\/uploads\/2012\/02\/biosistemi.jpg\" alt=\"\" width=\"266\" height=\"81\" \/><\/a><p class=\"wp-caption-text\">Biosistemi<\/p><\/div>\n<div id=\"attachment_226\" style=\"width: 249px\" class=\"wp-caption aligncenter\"><a href=\"http:\/\/www.gorea-plus.hr\/\"><img loading=\"lazy\" decoding=\"async\" aria-describedby=\"caption-attachment-226\" class=\"size-full wp-image-226\" title=\"Gorea plus\" src=\"http:\/\/hdir-2.hdir.hr\/wp-content\/uploads\/2012\/04\/kugla100px.gif\" alt=\"Gorea plus\" width=\"239\" height=\"100\" \/><\/a><p id=\"caption-attachment-226\" class=\"wp-caption-text\">Gorea plus<\/p><\/div>\n<div id=\"attachment_248\" style=\"width: 350px\" class=\"wp-caption aligncenter\"><img loading=\"lazy\" decoding=\"async\" aria-describedby=\"caption-attachment-248\" class=\"size-full wp-image-248\" title=\"Jasika\" src=\"http:\/\/hdir-2.hdir.hr\/wp-content\/uploads\/2012\/06\/Jasika.jpg\" alt=\"\" width=\"340\" height=\"130\" srcset=\"https:\/\/hdir-2.hdir.hr\/wp-content\/uploads\/2012\/06\/Jasika.jpg 340w, https:\/\/hdir-2.hdir.hr\/wp-content\/uploads\/2012\/06\/Jasika-300x114.jpg 300w\" sizes=\"auto, (max-width: 340px) 100vw, 340px\" \/><p id=\"caption-attachment-248\" class=\"wp-caption-text\">Jasika d.o.o.<\/p><\/div>\n<div id=\"attachment_283\" style=\"width: 204px\" class=\"wp-caption aligncenter\"><a href=\"http:\/\/www.biomedica.co.at\/index.php?id=698&amp;L=1\"><img loading=\"lazy\" decoding=\"async\" aria-describedby=\"caption-attachment-283\" class=\"size-full wp-image-283 \" title=\"Biomedica\" src=\"http:\/\/hdir-2.hdir.hr\/wp-content\/uploads\/2012\/10\/Biomedica.jpg\" alt=\"Biomedica Dijagnostika d.o.o.\" width=\"194\" height=\"105\" \/><\/a><p id=\"caption-attachment-283\" class=\"wp-caption-text\">Biomedica Dijagnostika d.o.o.<\/p><\/div>\n<div id=\"attachment_296\" style=\"width: 240px\" class=\"wp-caption aligncenter\"><a href=\"http:\/\/hebe.hr\/\" target=\"_blank\"><img loading=\"lazy\" decoding=\"async\" aria-describedby=\"caption-attachment-296\" class=\"size-full wp-image-296 \" title=\"HEBE d.o.o.\" src=\"http:\/\/hdir-2.hdir.hr\/wp-content\/uploads\/2012\/10\/HEBE.gif\" alt=\"\" width=\"230\" height=\"62\" \/><\/a><p id=\"caption-attachment-296\" class=\"wp-caption-text\">HEBE d.o.o.<\/p><\/div>\n<div id=\"attachment_239\" style=\"width: 310px\" class=\"wp-caption aligncenter\"><a href=\"http:\/\/www.medix.com.hr\/izdanje.php\"><img loading=\"lazy\" decoding=\"async\" aria-describedby=\"caption-attachment-239\" class=\"size-medium wp-image-239\" title=\"MEDIX\" src=\"http:\/\/hdir-2.hdir.hr\/wp-content\/uploads\/2012\/04\/MEDIX-300x201.jpg\" alt=\"\" width=\"300\" height=\"201\" srcset=\"https:\/\/hdir-2.hdir.hr\/wp-content\/uploads\/2012\/04\/MEDIX-300x201.jpg 300w, https:\/\/hdir-2.hdir.hr\/wp-content\/uploads\/2012\/04\/MEDIX.jpg 385w\" sizes=\"auto, (max-width: 300px) 100vw, 300px\" \/><\/a><p id=\"caption-attachment-239\" class=\"wp-caption-text\">Media Sponsor : MEDIX<\/p><\/div>\n<h3 style=\"text-align: left;\"><\/h3>\n<h3 style=\"text-align: justify;\"><span style=\"color: #000000;\">The Conference is being held under the auspices of the President of the Republic of Croatia, Prof. dr. sc. Ivo Josipovi\u0107, the City of Zagreb and the Ministry of Health of the Republic of Croatia.<\/span><\/h3>\n","protected":false},"excerpt":{"rendered":"<p>HDIR wishes to thank our sponsors: The Conference is being held under the auspices of the President of the Republic of Croatia, Prof. dr. sc. Ivo Josipovi\u0107, the City of Zagreb and the Ministry of Health of the Republic of Croatia.<\/p>\n","protected":false},"author":1,"featured_media":0,"parent":0,"menu_order":8,"comment_status":"closed","ping_status":"closed","template":"","meta":{"footnotes":""},"class_list":["post-72","page","type-page","status-publish","hentry"],"_links":{"self":[{"href":"https:\/\/hdir-2.hdir.hr\/index.php?rest_route=\/wp\/v2\/pages\/72","targetHints":{"allow":["GET"]}}],"collection":[{"href":"https:\/\/hdir-2.hdir.hr\/index.php?rest_route=\/wp\/v2\/pages"}],"about":[{"href":"https:\/\/hdir-2.hdir.hr\/index.php?rest_route=\/wp\/v2\/types\/page"}],"author":[{"embeddable":true,"href":"https:\/\/hdir-2.hdir.hr\/index.php?rest_route=\/wp\/v2\/users\/1"}],"replies":[{"embeddable":true,"href":"https:\/\/hdir-2.hdir.hr\/index.php?rest_route=%2Fwp%2Fv2%2Fcomments&post=72"}],"version-history":[{"count":0,"href":"https:\/\/hdir-2.hdir.hr\/index.php?rest_route=\/wp\/v2\/pages\/72\/revisions"}],"wp:attachment":[{"href":"https:\/\/hdir-2.hdir.hr\/index.php?rest_route=%2Fwp%2Fv2%2Fmedia&parent=72"}],"curies":[{"name":"wp","href":"https:\/\/api.w.org\/{rel}","templated":true}]}}